{"id":2335,"date":"2015-10-01T10:38:09","date_gmt":"2015-10-01T10:38:09","guid":{"rendered":"https:\/\/patchworkperlesetbroderies.wordpress.com\/?page_id=2335"},"modified":"2015-10-21T17:02:00","modified_gmt":"2015-10-21T16:02:00","slug":"quilter-sur-un-metier","status":"publish","type":"page","link":"https:\/\/www.patchwork-perles-broderies.com\/blog\/quilter-sur-un-metier\/","title":{"rendered":"Quilter sur un m\u00e9tier"},"content":{"rendered":"<p style=\"text-align: justify;\">Je n\u2019utilise g\u00e9n\u00e9ralement pas de m\u00e9tier pour quilter parce que mon dos le supporte mal , par contre je monte toujours mes patchs sur un m\u00e9tier ce que me permet d\u2019avoir toujours trois \u00e9paisseurs bien align\u00e9es.<\/p>\n<h4>Le mat\u00e8riel<\/h4>\n<p>Acheter dans un magasin de bricolage:<\/p>\n<p>&#8211; 4 tasseaux (au moins 2 cm\/4 ou 2\/5 de section pour la rigidit\u00e9). Il en existe qui ont jusqu\u2019 \u00e0 2,50m de long ce qui suffit pour la plupart des patchs. Pour ma part j\u2019en ai de plusieurs longueurs ce qui me permet de moduler en fonction de la taille du patch.<\/p>\n<p><a href=\"http:\/\/www.patchwork-perles-broderies.com\/blog\/wp-content\/uploads\/2011\/12\/tasseau.gif\"><img loading=\"lazy\" decoding=\"async\" class=\"aligncenter wp-image-879 size-full\" title=\"tasseau\" src=\"http:\/\/www.patchwork-perles-broderies.com\/blog\/wp-content\/uploads\/2011\/12\/tasseau.gif\" alt=\"\" width=\"296\" height=\"77\" \/><\/a><\/p>\n<p><a href=\"http:\/\/www.patchwork-perles-broderies.com\/blog\/wp-content\/uploads\/2011\/12\/serre-joint.gif\"><img loading=\"lazy\" decoding=\"async\" class=\"alignleft wp-image-878 size-full\" title=\"serre-joint\" src=\"http:\/\/www.patchwork-perles-broderies.com\/blog\/wp-content\/uploads\/2011\/12\/serre-joint.gif\" alt=\"serre-joint\" width=\"227\" height=\"141\" \/><\/a><\/p>\n<p>&#8211; 4 serre joints (ouverture de 10 cm) . je pr\u00e9f\u00e8re ceux qui ont un dessous plat.<\/p>\n<h4><strong>Pr\u00e9paration du tasseau:<\/strong><\/h4>\n<p><a href=\"http:\/\/www.patchwork-perles-broderies.com\/blog\/wp-content\/uploads\/2011\/12\/manchontasseau.gif\"><img loading=\"lazy\" decoding=\"async\" class=\"aligncenter wp-image-887 size-full\" title=\"manchon+tasseau\" src=\"http:\/\/www.patchwork-perles-broderies.com\/blog\/wp-content\/uploads\/2011\/12\/manchontasseau.gif\" alt=\"manchon+tasseau\" width=\"524\" height=\"112\" \/><\/a><\/p>\n<h4><strong><span style=\"color: #000000;\">Positionner le fond<\/span><\/strong><\/h4>\n<p><a href=\"http:\/\/www.patchwork-perles-broderies.com\/blog\/wp-content\/uploads\/2011\/12\/1.gif\"><img loading=\"lazy\" decoding=\"async\" class=\"aligncenter wp-image-882 size-medium\" title=\"1\" src=\"http:\/\/www.patchwork-perles-broderies.com\/blog\/wp-content\/uploads\/2011\/12\/1-300x147.gif\" alt=\"\" width=\"300\" height=\"147\" \/><\/a>Repassez soigneusement ce qui sera le dos du patch et positionnez-le <em>envers sur le dessus.\u00a0<\/em><\/p>\n<p>Epinglez le premier c\u00f4t\u00e9 du tissu sur un tasseau.<\/p>\n<p><a href=\"http:\/\/www.patchwork-perles-broderies.com\/blog\/wp-content\/uploads\/2011\/12\/3.gif\"><img loading=\"lazy\" decoding=\"async\" class=\"aligncenter wp-image-884 size-medium\" title=\"3\" src=\"http:\/\/www.patchwork-perles-broderies.com\/blog\/wp-content\/uploads\/2011\/12\/3-300x225.gif\" alt=\"\" width=\"300\" height=\"225\" \/><\/a><\/p>\n<p>Positionnez le <em>deuxi\u00e8me tasseau<\/em> de fa\u00e7on \u00e0 pouvoir fixer le deuxi\u00e8me c\u00f4t\u00e9 du fond sur le manchon de tissu.<\/p>\n<p>Fixer le premier serre-joint pour le maintenir \u00e0 cet endroit. Ne bloquez pas le serre joint trop fort- surtout si son fond n&rsquo;est pas plat- : il doit simplement emp\u00eacher les tasseaux de bouger.<\/p>\n<p><a href=\"http:\/\/www.patchwork-perles-broderies.com\/blog\/wp-content\/uploads\/2011\/12\/4.gif\"><img loading=\"lazy\" decoding=\"async\" class=\"alignleft wp-image-885 size-medium\" title=\"4\" src=\"http:\/\/www.patchwork-perles-broderies.com\/blog\/wp-content\/uploads\/2011\/12\/4-300x273.gif\" alt=\"\" width=\"300\" height=\"273\" \/><\/a>Epinglez le deuxi\u00e8me c\u00f4t\u00e9 du tissu . Il suffit d&rsquo;\u00e9pingler \u00e0 plat, sans tirer sur le tissu.<\/p>\n<p>Positionnez \u00a0le<em> troisi\u00e8me tasseau<\/em> et fixez- le comme le pr\u00e9c\u00e9dent aves un serre-joint.<\/p>\n<p>Epinglez le troisi\u00e8me c\u00f4t\u00e9 du tissu sur le manchon.<\/p>\n<p>Ne vous inqui\u00e9tez pas si votre dos ne semble pas vraiment plat. C&rsquo;est normal \u00e0 ce stade.<\/p>\n<p><a href=\"http:\/\/www.patchwork-perles-broderies.com\/blog\/wp-content\/uploads\/2011\/12\/6.gif\"><img loading=\"lazy\" decoding=\"async\" class=\"alignleft wp-image-888 size-medium\" title=\"6\" src=\"http:\/\/www.patchwork-perles-broderies.com\/blog\/wp-content\/uploads\/2011\/12\/6-300x275.gif\" alt=\"\" width=\"300\" height=\"275\" \/><\/a>Le dernier tasseau est plus d\u00e9licat \u00e0 installer.<\/p>\n<p>Positionnez-le et fixez le troisi\u00e8me serre-joint. Epinglez le dernier c\u00f4t\u00e9 du fond.<\/p>\n<p>Pour fixer et tendre l&rsquo;ensemble positionnez le dernier serre joint, mais, avant de le fixer d\u00e9finitivement tirez l\u00e9g\u00e8rement les bouts libres des tasseaux vers l&rsquo;ext\u00e9rieur de fa\u00e7on \u00e0 tendre le tissu. Maintenez-les avec une main et fixez le serre-joint.<\/p>\n<h4><strong>Positionner et fixer mousse et top.<\/strong><\/h4>\n<p>Votre fond est maintenant bien \u00e0 plat il suffit de positionner la mousse et le top.<\/p>\n<p>&nbsp;<\/p>\n<p style=\"text-align: justify;\"><a href=\"http:\/\/www.patchwork-perles-broderies.com\/blog\/wp-content\/uploads\/2011\/12\/7.gif\"><img loading=\"lazy\" decoding=\"async\" class=\"aligncenter wp-image-890 size-medium\" title=\"7\" src=\"http:\/\/www.patchwork-perles-broderies.com\/blog\/wp-content\/uploads\/2011\/12\/7-300x272.gif\" alt=\"\" width=\"300\" height=\"272\" \/><\/a>Je vous rappelle qu&rsquo;il est pr\u00e9f\u00e9rable de pr\u00e9voir le dessous du patch plus grand que le top. Cela facilite le matelassage et \u00e9vite les probl\u00e8mes si votre top glisse un peu pendant le processus du matelassage. Je pr\u00e9vois en g\u00e9n\u00e9ral 3 ou 4 cm de plus tout autour.<\/p>\n<p style=\"text-align: justify;\">La mousse doit avoir la m\u00eame dimension que le fond. Posez la bien \u00e0 plat sur le fond. Moi je ne l&rsquo;\u00e9pingle pas, mais vous pouvez le faire si c&rsquo;est plus confortable pour vous.<\/p>\n<p><a href=\"http:\/\/www.patchwork-perles-broderies.com\/blog\/wp-content\/uploads\/2011\/12\/epingler-top.gif\"><img loading=\"lazy\" decoding=\"async\" class=\"aligncenter wp-image-892 \" title=\"epingler-top\" src=\"http:\/\/www.patchwork-perles-broderies.com\/blog\/wp-content\/uploads\/2011\/12\/epingler-top.gif\" alt=\"\" width=\"573\" height=\"299\" \/><\/a>Positionnez le dessus bien au centre du m\u00e9tier et lissez-le avec le plat de la main.<\/p>\n<p>Epinglez les trois \u00e9paisseurs ensemble sur le pourtour du quilt. Vous pouvez maintenant fixer le milieu \u00e0 l&rsquo;aide de fil \u00e0 faufiler ou d&rsquo;\u00e9pingles de nourrice. J&rsquo;\u00e9vite la colle \u00e0 faufiler comme j&rsquo;\u00e9vite tous les produits chimiques susceptibles \u00e0 long terme d&rsquo;acc\u00e9l\u00e9rer la d\u00e9t\u00e9rioration du tissu.<\/p>\n<p>Lorsque toute la surface du quilt est bien stabilis\u00e9e\u00a0, moi j\u2019enl\u00e8ve le patch et je travaille sur un m\u00e9tier rond \u00e0 partir du centre, le dos bien cal\u00e9 dans mon fauteuil.<\/p>\n<p>Mais aux Etats Unis, les femmes posaient le cadre pr\u00e9par\u00e9 sur des dossiers de chaise ou sur des tr\u00e9teaux et quiltaient le bord aussi loin qu\u2019elles le pouvaient. Puis elles enlevaient deux serres-joints et roulaient le patch bien serr\u00e9 sur le tasseau de fa\u00e7on \u00e0 pouvoir aller plus au centre&#8230; Elles repositionnaient alors les serre-joints et continuaient de quilter.<\/p>\n<p>J\u2019ai fait \u00e7a pour le quilt avec les feuilles qui apparait sur ma page facebook parce que j\u2019avais pr\u00e9vu un dessin en continu pour donner l\u2019impression de feuilles d\u2019automne qui tourbillonnent, je l\u2019ai fait aussi sur un quilt ayant pour th\u00e8me l\u2019hiver et les cristaux de glace pour donner l\u2019impression que des patineurs \u00e9taient pass\u00e9 sur la glace. Ca marche tr\u00e8s bien, mais il faut une grande pi\u00e8ce&#8230;<\/p>\n<p>&nbsp;<\/p>\n","protected":false},"excerpt":{"rendered":"<p>Je n\u2019utilise g\u00e9n\u00e9ralement pas de m\u00e9tier pour quilter parce que mon dos le supporte mal , par contre je monte toujours mes patchs sur un m\u00e9tier ce que me permet d\u2019avoir toujours trois \u00e9paisseurs bien align\u00e9es. Le mat\u00e8riel Acheter dans un magasin de bricolage: &#8211; 4 tasseaux (au moins 2 cm\/4 ou 2\/5 de section [&hellip;]<\/p>\n","protected":false},"author":1,"featured_media":0,"parent":0,"menu_order":4,"comment_status":"closed","ping_status":"closed","template":"","meta":{"footnotes":""},"class_list":["post-2335","page","type-page","status-publish","hentry"],"aioseo_notices":[],"_links":{"self":[{"href":"https:\/\/www.patchwork-perles-broderies.com\/blog\/wp-json\/wp\/v2\/pages\/2335","targetHints":{"allow":["GET"]}}],"collection":[{"href":"https:\/\/www.patchwork-perles-broderies.com\/blog\/wp-json\/wp\/v2\/pages"}],"about":[{"href":"https:\/\/www.patchwork-perles-broderies.com\/blog\/wp-json\/wp\/v2\/types\/page"}],"author":[{"embeddable":true,"href":"https:\/\/www.patchwork-perles-broderies.com\/blog\/wp-json\/wp\/v2\/users\/1"}],"replies":[{"embeddable":true,"href":"https:\/\/www.patchwork-perles-broderies.com\/blog\/wp-json\/wp\/v2\/comments?post=2335"}],"version-history":[{"count":3,"href":"https:\/\/www.patchwork-perles-broderies.com\/blog\/wp-json\/wp\/v2\/pages\/2335\/revisions"}],"predecessor-version":[{"id":2877,"href":"https:\/\/www.patchwork-perles-broderies.com\/blog\/wp-json\/wp\/v2\/pages\/2335\/revisions\/2877"}],"wp:attachment":[{"href":"https:\/\/www.patchwork-perles-broderies.com\/blog\/wp-json\/wp\/v2\/media?parent=2335"}],"curies":[{"name":"wp","href":"https:\/\/api.w.org\/{rel}","templated":true}]}}