{"id":2487,"date":"2015-10-17T14:30:10","date_gmt":"2015-10-17T13:30:10","guid":{"rendered":"http:\/\/www.patchwork-perles-broderies.com\/blog\/?page_id=2487"},"modified":"2015-10-29T19:58:06","modified_gmt":"2015-10-29T18:58:06","slug":"lapplique-machine-2","status":"publish","type":"page","link":"https:\/\/www.patchwork-perles-broderies.com\/blog\/lapplique-machine-2\/","title":{"rendered":"L&rsquo;appliqu\u00e9 machine"},"content":{"rendered":"<p style=\"text-align: justify;\">Des formes simples s\u2019accommoderont bien d\u2019un\u00a0<em>point de bourdon machine<\/em>\u00a0qui souligne l\u2019effet. Si on ma\u00eetrise bien la technique, on peut faire rapidement de tr\u00e8s jolies pi\u00e8ces.<\/p>\n<p style=\"text-align: justify;\"><a href=\"http:\/\/www.patchwork-perles-broderies.com\/blog\/wp-content\/uploads\/2015\/10\/animaux1.gif\"><img loading=\"lazy\" decoding=\"async\" class=\"alignleft wp-image-2852 size-medium\" src=\"http:\/\/www.patchwork-perles-broderies.com\/blog\/wp-content\/uploads\/2015\/10\/animaux1-300x137.gif\" alt=\"animaux1\" width=\"300\" height=\"137\" \/><\/a>L\u2019application machine est aussi moins fragile que l\u2019application main et je l\u2019ai donc beaucoup utilis\u00e9e pour les quilts destin\u00e9s \u00e0 des enfants. Un d\u00e9tail de l\u2019un de ces quilts&#8230;.<\/p>\n<p>On peut combiner l&rsquo;utilisation des appliqu\u00e9s main et machine en fonction du r\u00e9sultat qu&rsquo;on veut obtenir.<\/p>\n<p><a href=\"http:\/\/www.patchwork-perles-broderies.com\/blog\/wp-content\/uploads\/2011\/10\/jeu-de-loie-det.gif\"><img loading=\"lazy\" decoding=\"async\" class=\"aligncenter wp-image-568\" src=\"http:\/\/www.patchwork-perles-broderies.com\/blog\/wp-content\/uploads\/2011\/10\/jeu-de-loie-det.gif\" alt=\"jeu-de-l'oie-det\" width=\"413\" height=\"330\" \/><\/a>Dans le jeu de l&rsquo;oie, roses et feuilles sont appliqu\u00e9s machine: le trac\u00e9 des p\u00e9tales et des feuilles est mis en valeur , le r\u00e9sultat est beaucoup plus sophistiqu\u00e9.<\/p>\n<p>On obtient le m\u00eame genre de r\u00e9sultat qu&rsquo;avec la broderie perse&#8230;. mais cela va beaucoup plus vite.<\/p>\n<p>Actuellement le travail machine a fait de tels progr\u00e8s qu&rsquo;on peut faire \u00e0 la machine des applications qui ressemblent \u00e0 s&rsquo;y m\u00e9prendre \u00e0 des applications main.<\/p>\n<div id=\"attachment_2854\" style=\"width: 410px\" class=\"wp-caption aligncenter\"><a href=\"http:\/\/www.patchwork-perles-broderies.com\/blog\/wp-content\/uploads\/2015\/10\/400x408xinvisible-machine-applique-01.jpg.pagespeed.ic_.iFOWhnWQtS.jpg\"><img loading=\"lazy\" decoding=\"async\" aria-describedby=\"caption-attachment-2854\" class=\"wp-image-2854 size-full\" src=\"http:\/\/www.patchwork-perles-broderies.com\/blog\/wp-content\/uploads\/2015\/10\/400x408xinvisible-machine-applique-01.jpg.pagespeed.ic_.iFOWhnWQtS.jpg\" alt=\" appliqu\u00e9 machine invisible\" width=\"400\" height=\"408\" srcset=\"https:\/\/www.patchwork-perles-broderies.com\/blog\/wp-content\/uploads\/2015\/10\/400x408xinvisible-machine-applique-01.jpg.pagespeed.ic_.iFOWhnWQtS.jpg 400w, https:\/\/www.patchwork-perles-broderies.com\/blog\/wp-content\/uploads\/2015\/10\/400x408xinvisible-machine-applique-01.jpg.pagespeed.ic_.iFOWhnWQtS-294x300.jpg 294w\" sizes=\"auto, (max-width: 400px) 100vw, 400px\" \/><\/a><p id=\"caption-attachment-2854\" class=\"wp-caption-text\">\u00ab\u00a0Lily Rosenberry\u00a0\u00bb, designed by Sue Garman and stitched, again, by Julie Baird.<\/p><\/div>\n<p>Ce dessin est extrait d&rsquo;un article sur le sujet publi\u00e9 sur<br \/>\nhttp:\/\/www.generations-quilt-patterns.com\/how-to-applique.html<\/p>\n","protected":false},"excerpt":{"rendered":"<p>Des formes simples s\u2019accommoderont bien d\u2019un\u00a0point de bourdon machine\u00a0qui souligne l\u2019effet. Si on ma\u00eetrise bien la technique, on peut faire rapidement de tr\u00e8s jolies pi\u00e8ces. L\u2019application machine est aussi moins fragile que l\u2019application main et je l\u2019ai donc beaucoup utilis\u00e9e pour les quilts destin\u00e9s \u00e0 des enfants. Un d\u00e9tail de l\u2019un de ces quilts&#8230;. On [&hellip;]<\/p>\n","protected":false},"author":1,"featured_media":0,"parent":0,"menu_order":2,"comment_status":"closed","ping_status":"closed","template":"","meta":{"footnotes":""},"class_list":["post-2487","page","type-page","status-publish","hentry"],"aioseo_notices":[],"_links":{"self":[{"href":"https:\/\/www.patchwork-perles-broderies.com\/blog\/wp-json\/wp\/v2\/pages\/2487","targetHints":{"allow":["GET"]}}],"collection":[{"href":"https:\/\/www.patchwork-perles-broderies.com\/blog\/wp-json\/wp\/v2\/pages"}],"about":[{"href":"https:\/\/www.patchwork-perles-broderies.com\/blog\/wp-json\/wp\/v2\/types\/page"}],"author":[{"embeddable":true,"href":"https:\/\/www.patchwork-perles-broderies.com\/blog\/wp-json\/wp\/v2\/users\/1"}],"replies":[{"embeddable":true,"href":"https:\/\/www.patchwork-perles-broderies.com\/blog\/wp-json\/wp\/v2\/comments?post=2487"}],"version-history":[{"count":5,"href":"https:\/\/www.patchwork-perles-broderies.com\/blog\/wp-json\/wp\/v2\/pages\/2487\/revisions"}],"predecessor-version":[{"id":2917,"href":"https:\/\/www.patchwork-perles-broderies.com\/blog\/wp-json\/wp\/v2\/pages\/2487\/revisions\/2917"}],"wp:attachment":[{"href":"https:\/\/www.patchwork-perles-broderies.com\/blog\/wp-json\/wp\/v2\/media?parent=2487"}],"curies":[{"name":"wp","href":"https:\/\/api.w.org\/{rel}","templated":true}]}}