{"id":4515,"date":"2018-09-19T11:38:04","date_gmt":"2018-09-19T10:38:04","guid":{"rendered":"http:\/\/www.patchwork-perles-broderies.com\/blog\/?page_id=4515"},"modified":"2019-03-13T12:15:12","modified_gmt":"2019-03-13T11:15:12","slug":"la-folie-des-hexagones","status":"publish","type":"page","link":"https:\/\/www.patchwork-perles-broderies.com\/blog\/la-folie-des-hexagones\/","title":{"rendered":"La Folie des Hexagones"},"content":{"rendered":"<p><a href=\"http:\/\/www.lulu.com\/commerce\/index.php?fBuyContent=23196997\"><img decoding=\"async\" src=\"http:\/\/static.lulu.com\/images\/services\/buy_now_buttons\/fr\/blue.gif?20180821075528\" alt=\"Support independent publishing: Buy this book on Lulu.\" border=\"0\" \/><\/a><\/p>\n<p style=\"text-align: justify;\"><img loading=\"lazy\" decoding=\"async\" class=\"alignleft size-medium wp-image-4517\" src=\"http:\/\/www.patchwork-perles-broderies.com\/blog\/wp-content\/uploads\/2018\/09\/premi\u00e8re-de-couverture-233x300.jpg\" alt=\"\" width=\"233\" height=\"300\" srcset=\"https:\/\/www.patchwork-perles-broderies.com\/blog\/wp-content\/uploads\/2018\/09\/premi\u00e8re-de-couverture-233x300.jpg 233w, https:\/\/www.patchwork-perles-broderies.com\/blog\/wp-content\/uploads\/2018\/09\/premi\u00e8re-de-couverture-768x989.jpg 768w, https:\/\/www.patchwork-perles-broderies.com\/blog\/wp-content\/uploads\/2018\/09\/premi\u00e8re-de-couverture-795x1024.jpg 795w, https:\/\/www.patchwork-perles-broderies.com\/blog\/wp-content\/uploads\/2018\/09\/premi\u00e8re-de-couverture-600x773.jpg 600w, https:\/\/www.patchwork-perles-broderies.com\/blog\/wp-content\/uploads\/2018\/09\/premi\u00e8re-de-couverture-624x804.jpg 624w\" sizes=\"auto, (max-width: 233px) 100vw, 233px\" \/>L&rsquo;\u00e9norme succ\u00e8s rencontr\u00e9 par la Passacaglia\u00a0 a r\u00e9veill\u00e9 l&rsquo;int\u00e9r\u00eat pour une technique un peu oubli\u00e9e, la m\u00e9thode anglaise, qui est particuli\u00e8rement utile lorsqu&rsquo;on veut assembler des hexagones. Je ne vous apprend pas que l&rsquo;assemblage de petits hexagones est assez difficile puisqu&rsquo;il n&rsquo;y a pas de ces longues lignes droites qu&rsquo;affectionne la machine \u00e0 coudre.<\/p>\n<p style=\"text-align: justify;\">Je ne m&rsquo;\u00e9tais jamais passionn\u00e9e pour les hexagones sous leur forme simple, bien que j&rsquo; ai fait plusieurs quilts \u00e0 base de blocs hexagonaux.<\/p>\n<p style=\"text-align: justify;\">J&rsquo;ai donc \u00e9t\u00e9 \u00e9tonn\u00e9e de me rendre compte qu&rsquo;on pouvait faire des tas de choses \u00e0 partir de cette forme simple. Comme le carr\u00e9, les hexagones s&#8217;emboitent de fa\u00e7on parfaite mais le r\u00e9sultat est tout \u00e0 fait diff\u00e9rent de celui qu&rsquo;on obtient en assemblant des carr\u00e9s, plus fondu, moins rigide.<\/p>\n<p style=\"text-align: justify;\">j&rsquo;ai commenc\u00e9 par r\u00e9pertorier les assemblages classiques et ils sont beaucoup plus nombreux que je ne l&rsquo;avais pens\u00e9 et puis je me suis lanc\u00e9e, guid\u00e9e dans mes cr\u00e9ations par les nombreuses artistes qui se sont passionn\u00e9es aussi. Voici le r\u00e9sultat, un livre de 63 pages! Assemblages simples ou complexes, vous trouverez certainement celui qui vous plaira.<\/p>\n<p>&nbsp;<\/p>\n<p><a href=\"http:\/\/www.lulu.com\/commerce\/index.php?fBuyContent=23196997\"><img decoding=\"async\" src=\"http:\/\/static.lulu.com\/images\/services\/buy_now_buttons\/fr\/blue.gif?20180821075528\" alt=\"Support independent publishing: Buy this book on Lulu.\" border=\"0\" \/><\/a><\/p>\n","protected":false},"excerpt":{"rendered":"<p>L&rsquo;\u00e9norme succ\u00e8s rencontr\u00e9 par la Passacaglia\u00a0 a r\u00e9veill\u00e9 l&rsquo;int\u00e9r\u00eat pour une technique un peu oubli\u00e9e, la m\u00e9thode anglaise, qui est particuli\u00e8rement utile lorsqu&rsquo;on veut assembler des hexagones. Je ne vous apprend pas que l&rsquo;assemblage de petits hexagones est assez difficile puisqu&rsquo;il n&rsquo;y a pas de ces longues lignes droites qu&rsquo;affectionne la machine \u00e0 coudre. Je [&hellip;]<\/p>\n","protected":false},"author":1,"featured_media":0,"parent":0,"menu_order":10,"comment_status":"closed","ping_status":"closed","template":"","meta":{"footnotes":""},"class_list":["post-4515","page","type-page","status-publish","hentry"],"aioseo_notices":[],"_links":{"self":[{"href":"https:\/\/www.patchwork-perles-broderies.com\/blog\/wp-json\/wp\/v2\/pages\/4515","targetHints":{"allow":["GET"]}}],"collection":[{"href":"https:\/\/www.patchwork-perles-broderies.com\/blog\/wp-json\/wp\/v2\/pages"}],"about":[{"href":"https:\/\/www.patchwork-perles-broderies.com\/blog\/wp-json\/wp\/v2\/types\/page"}],"author":[{"embeddable":true,"href":"https:\/\/www.patchwork-perles-broderies.com\/blog\/wp-json\/wp\/v2\/users\/1"}],"replies":[{"embeddable":true,"href":"https:\/\/www.patchwork-perles-broderies.com\/blog\/wp-json\/wp\/v2\/comments?post=4515"}],"version-history":[{"count":6,"href":"https:\/\/www.patchwork-perles-broderies.com\/blog\/wp-json\/wp\/v2\/pages\/4515\/revisions"}],"predecessor-version":[{"id":4761,"href":"https:\/\/www.patchwork-perles-broderies.com\/blog\/wp-json\/wp\/v2\/pages\/4515\/revisions\/4761"}],"wp:attachment":[{"href":"https:\/\/www.patchwork-perles-broderies.com\/blog\/wp-json\/wp\/v2\/media?parent=4515"}],"curies":[{"name":"wp","href":"https:\/\/api.w.org\/{rel}","templated":true}]}}