{"id":4527,"date":"2018-09-19T16:42:49","date_gmt":"2018-09-19T15:42:49","guid":{"rendered":"http:\/\/www.patchwork-perles-broderies.com\/blog\/?page_id=4527"},"modified":"2018-09-19T16:42:49","modified_gmt":"2018-09-19T15:42:49","slug":"en-suivant-letoile-2","status":"publish","type":"page","link":"https:\/\/www.patchwork-perles-broderies.com\/blog\/en-suivant-letoile-2\/","title":{"rendered":"En Suivant l&rsquo;Etoile"},"content":{"rendered":"<p style=\"text-align: justify;\"><img loading=\"lazy\" decoding=\"async\" class=\"alignleft size-medium wp-image-4529\" src=\"http:\/\/www.patchwork-perles-broderies.com\/blog\/wp-content\/uploads\/2018\/09\/couverture-212x300.jpg\" alt=\"\" width=\"212\" height=\"300\" srcset=\"https:\/\/www.patchwork-perles-broderies.com\/blog\/wp-content\/uploads\/2018\/09\/couverture-212x300.jpg 212w, https:\/\/www.patchwork-perles-broderies.com\/blog\/wp-content\/uploads\/2018\/09\/couverture-600x848.jpg 600w, https:\/\/www.patchwork-perles-broderies.com\/blog\/wp-content\/uploads\/2018\/09\/couverture-624x882.jpg 624w, https:\/\/www.patchwork-perles-broderies.com\/blog\/wp-content\/uploads\/2018\/09\/couverture.jpg 709w\" sizes=\"auto, (max-width: 212px) 100vw, 212px\" \/>Ce livre est le dernier que j&rsquo;ai \u00e9crit pour les Editions de la Louve et, \u00e0 l&rsquo;\u00e9poque, il ne rencontra aucun succ\u00e8s. Il faut dire que la couleur avait conquis en force les maisons d&rsquo;\u00e9ditions et qu&rsquo;un livre en noir et blanc semblait beaucoup trop terne pour \u00eatre int\u00e9ressant.\u00a0 Pourtant le noir et blanc a l&rsquo;avantage de montrer le contraste des valeurs et un mod\u00e8le ainsi dessin\u00e9 est donc plus facile \u00e0 reproduire dans la mesure o\u00f9 il indique imm\u00e9diatement\u00a0 l&#8217;emplacement des clairs et des fonc\u00e9s, sans que l&rsquo;oeil soit tromp\u00e9 par la couleur.<\/p>\n<p style=\"text-align: justify;\">Il est donc rest\u00e9 oubli\u00e9 dans un coin de mon grenier. Dire que je n&rsquo;ai pas regrett\u00e9 ce manque d&rsquo;int\u00e9r\u00eat serait mentir. J&rsquo;adore les \u00e9toiles, j&rsquo;avais r\u00e9uni avec beaucoup de soin toutes sortes de mod\u00e8les &#8211; j&rsquo;avais m\u00eame ajout\u00e9 les gabarits pour me mettre au go\u00fbt du jour et surtout j&rsquo;avais cr\u00e9\u00e9 plusieurs mod\u00e8les d&rsquo;\u00e9toile dont j&rsquo;\u00e9tais assez fi\u00e8re.<\/p>\n<p style=\"text-align: justify;\">Et voil\u00e0 que l&rsquo;autre jour une de mes amies patch parmi les plus anciennes m&rsquo;a demand\u00e9 de l&rsquo;aider \u00e0 composer un quilt. Elle voulait mettre en valeur un tissu original d\u00e9cor\u00e9 de notes de musique multicolore. Et elle tenait \u00e0 utiliser le mod\u00e8le \u00ab\u00a0H\u00e9lice\u00a0\u00bb que j&rsquo;avais cr\u00e9\u00e9 pour le livre.\u00a0 Naturellement elle voulait une taille sp\u00e9ciale et non pas celle dont j&rsquo;avais mis les gabarits!<\/p>\n<p style=\"text-align: justify;\">J&rsquo;ai donc ressorti le livre des oubliettes. Je lui rend sa place dans ma bibliographie. Un jour je le reprendrai peut \u00eatre pour le mettre en couleurs et le rendre plus attractif<\/p>\n","protected":false},"excerpt":{"rendered":"<p>Ce livre est le dernier que j&rsquo;ai \u00e9crit pour les Editions de la Louve et, \u00e0 l&rsquo;\u00e9poque, il ne rencontra aucun succ\u00e8s. Il faut dire que la couleur avait conquis en force les maisons d&rsquo;\u00e9ditions et qu&rsquo;un livre en noir et blanc semblait beaucoup trop terne pour \u00eatre int\u00e9ressant.\u00a0 Pourtant le noir et blanc a [&hellip;]<\/p>\n","protected":false},"author":1,"featured_media":0,"parent":0,"menu_order":11,"comment_status":"closed","ping_status":"closed","template":"","meta":{"footnotes":""},"class_list":["post-4527","page","type-page","status-publish","hentry"],"aioseo_notices":[],"_links":{"self":[{"href":"https:\/\/www.patchwork-perles-broderies.com\/blog\/wp-json\/wp\/v2\/pages\/4527","targetHints":{"allow":["GET"]}}],"collection":[{"href":"https:\/\/www.patchwork-perles-broderies.com\/blog\/wp-json\/wp\/v2\/pages"}],"about":[{"href":"https:\/\/www.patchwork-perles-broderies.com\/blog\/wp-json\/wp\/v2\/types\/page"}],"author":[{"embeddable":true,"href":"https:\/\/www.patchwork-perles-broderies.com\/blog\/wp-json\/wp\/v2\/users\/1"}],"replies":[{"embeddable":true,"href":"https:\/\/www.patchwork-perles-broderies.com\/blog\/wp-json\/wp\/v2\/comments?post=4527"}],"version-history":[{"count":2,"href":"https:\/\/www.patchwork-perles-broderies.com\/blog\/wp-json\/wp\/v2\/pages\/4527\/revisions"}],"predecessor-version":[{"id":4530,"href":"https:\/\/www.patchwork-perles-broderies.com\/blog\/wp-json\/wp\/v2\/pages\/4527\/revisions\/4530"}],"wp:attachment":[{"href":"https:\/\/www.patchwork-perles-broderies.com\/blog\/wp-json\/wp\/v2\/media?parent=4527"}],"curies":[{"name":"wp","href":"https:\/\/api.w.org\/{rel}","templated":true}]}}

<p style="text-align: justify;"><img loading="lazy" decoding="async" class="alignleft size-medium wp-image-4529" src="http://www.patchwork-perles-broderies.com/blog/wp-content/uploads/2018/09/couverture-212x300.jpg" alt="" width="212" height="300" srcset="https://www.patchwork-perles-broderies.com/blog/wp-content/uploads/2018/09/couverture-212x300.jpg 212w, https://www.patchwork-perles-broderies.com/blog/wp-content/uploads/2018/09/couverture-600x848.jpg 600w, https://www.patchwork-perles-broderies.com/blog/wp-content/uploads/2018/09/couverture-624x882.jpg 624w, https://www.patchwork-perles-broderies.com/blog/wp-content/uploads/2018/09/couverture.jpg 709w" sizes="auto, (max-width: 212px) 100vw, 212px" />Ce livre est le dernier que j&rsquo;ai écrit pour les Editions de la Louve et, à l&rsquo;époque, il ne rencontra aucun succès. Il faut dire que la couleur avait conquis en force les maisons d&rsquo;éditions et qu&rsquo;un livre en noir et blanc semblait beaucoup trop terne pour être intéressant.  Pourtant le noir et blanc a l&rsquo;avantage de montrer le contraste des valeurs et un modèle ainsi dessiné est donc plus facile à reproduire dans la mesure où il indique immédiatement  l&#8217;emplacement des clairs et des foncés, sans que l&rsquo;oeil soit trompé par la couleur.</p>
<p style="text-align: justify;">Il est donc resté oublié dans un coin de mon grenier. Dire que je n&rsquo;ai pas regretté ce manque d&rsquo;intérêt serait mentir. J&rsquo;adore les étoiles, j&rsquo;avais réuni avec beaucoup de soin toutes sortes de modèles &#8211; j&rsquo;avais même ajouté les gabarits pour me mettre au goût du jour et surtout j&rsquo;avais créé plusieurs modèles d&rsquo;étoile dont j&rsquo;étais assez fière.</p>
<p style="text-align: justify;">Et voilà que l&rsquo;autre jour une de mes amies patch parmi les plus anciennes m&rsquo;a demandé de l&rsquo;aider à composer un quilt. Elle voulait mettre en valeur un tissu original décoré de notes de musique multicolore. Et elle tenait à utiliser le modèle « Hélice » que j&rsquo;avais créé pour le livre.  Naturellement elle voulait une taille spéciale et non pas celle dont j&rsquo;avais mis les gabarits!</p>
<p style="text-align: justify;">J&rsquo;ai donc ressorti le livre des oubliettes. Je lui rend sa place dans ma bibliographie. Un jour je le reprendrai peut être pour le mettre en couleurs et le rendre plus attractif</p>

<p>Ce livre est le dernier que j&rsquo;ai écrit pour les Editions de la Louve et, à l&rsquo;époque, il ne rencontra aucun succès. Il faut dire que la couleur avait conquis en force les maisons d&rsquo;éditions et qu&rsquo;un livre en noir et blanc semblait beaucoup trop terne pour être intéressant.  Pourtant le noir et blanc a [&hellip;]</p>
